lse
Is 188514550 a multiple of 70?
True
Is 54 a factor of 6295212?
True
Is 8121582 a multiple of 9?
True
Does 128 divide 4999788?
False
Is 265898794 a multiple of 98?
True
Does 869 divide 8243334?
True
Is 11040511 a multiple of 26?
False
Is 15 a factor of 181151693?
False
Does 2117 divide 269011424?
True
Is 235549566 a multiple of 294?
True
Is 2041231945 a multiple of 456?
False
Does 2 divide 16051209?
False
Is 516 a factor of 35444495?
False
Is 679689951 a multiple of 3749?
True
Does 4431 divide 4162246557?
True
Is 8436 a factor of 3041793828?
True
Is 13 a factor of 74075543?
False
Does 60 divide 48829500?
True
Does 284 divide 200126564?
True
Is 31 a factor of 247768244?
True
Does 22 divide 773434156?
True
Is 511961278 a multiple of 18?
False
Is 347981862 a multiple of 2021?
False
Does 2597 divide 1334808514?
False
Does 24 divide 104075496?
True
Is 72082354 a multiple of 14?
False
Is 13 a factor of 151990995?
True
Is 209725054 a multiple of 1116?
False
Is 320466300 a multiple of 462?
True
Is 85 a factor of 425232584?
False
Does 21 divide 39338355?
True
Does 202 divide 1744250110?
False
Is 215365090 a multiple of 13?
False
Does 105 divide 103226445?
True
Does 37 divide 3358159886?
True
Is 1303 a factor of 2726244443?
False
Is 1765250040 a multiple of 120?
True
Is 3667251798 a multiple of 34?
True
Is 4452 a factor of 247086000?
True
Is 131492256 a multiple of 8?
True
Is 38 a factor of 41655410?
True
Is 2982 a factor of 36963928?
False
Is 11084593 a multiple of 213?
False
Is 391468155 a multiple of 1209?
True
Is 351219167 a multiple of 28?
False
Is 14 a factor of 44286116?
True
Is 59 a factor of 46338604?
False
Does 49 divide 64968243?
False
Is 1238 a factor of 103273961?
False
Does 2891 divide 983861032?
False
Is 1625275962 a multiple of 9?
True
Is 181965900 a multiple of 50?
True
Is 20 a factor of 118714180?
True
Is 14 a factor of 18598343?
False
Is 14 a factor of 13658554?
True
Is 24290655 a multiple of 933?
True
Is 2424555 a multiple of 7?
True
Is 1614 a factor of 29644338?
True
Is 256 a factor of 5929728?
True
Does 47 divide 17051438?
False
Is 978 a factor of 884112?
True
Is 18 a factor of 10555612?
False
Does 18 divide 57989484?
True
Does 278 divide 19926279?
False
Is 158879646 a multiple of 846?
True
Is 991447146 a multiple of 18?
True
Is 2039947000 a multiple of 10822?
True
Is 12 a factor of 138577032?
True
Is 38 a factor of 563219432?
True
Is 199 a factor of 165188210?
False
Is 55 a factor of 78249910?
False
Is 194 a factor of 31977020?
True
Does 195 divide 2476350405?
False
Is 1374764066 a multiple of 19?
False
Is 100855154 a multiple of 4?
False
Is 21774654 a multiple of 17?
True
Does 15 divide 25148408?
False
Does 14 divide 35118356?
True
Is 1042186700 a multiple of 106?
True
Is 153920730 a multiple of 76?
False
Is 2368856066 a multiple of 9706?
True
Is 7979190 a multiple of 15?
True
Does 129 divide 712571232?
True
Does 98 divide 72076242?
False
Is 4 a factor of 32790353?
False
Does 355 divide 177515162?
False
Does 59 divide 89010173?
True
Is 5091956 a multiple of 6?
False
Does 11 divide 281946126?
True
Does 820 divide 120840882?
False
Does 46 divide 30864992?
False
Is 338987052 a multiple of 6?
True
Does 283 divide 866546239?
False
Does 672 divide 134994720?
True
Is 37410380 a multiple of 315?
False
Does 7 divide 29469692?
True
Is 47396909 a multiple of 468?
False
Is 12493435 a multiple of 43?
True
Is 2055 a factor of 5545661?
False
Is 17 a factor of 14838840?
False
Is 13 a factor of 13813943?
True
Is 627804387 a multiple of 463?
True
Does 3422 divide 2645349724?
True
Is 17 a factor of 633216?
True
Does 421 divide 2269210148?
False
Does 10 divide 226307763?
False
Is 2839 a factor of 460033844?
False
Does 46 divide 6463164?
False
Is 81896582 a multiple of 151?
False
Does 3259 divide 251653462?
True
Does 1746 divide 58655601?
False
Does 1288 divide 3892563750?
False
Does 34 divide 65967684?
True
Is 233 a factor of 509103138?
False
Does 10 divide 600840410?
True
Is 975396 a multiple of 49?
False
Does 9 divide 227781?
True
Is 230 a factor of 182433830?
False
Is 322140 a multiple of 260?
True
Is 71 a factor of 512262578?
False
Does 3128 divide 82705803?
False
Is 115874440 a multiple of 484?
True
Is 26049144 a multiple of 8?
True
Is 2 a factor of 412007381?
False
Does 97 divide 7353723?
False
Is 25928046 a multiple of 513?
True
Does 23 divide 172782578?
True
Does 3846 divide 109111020?
True
Is 73144410 a multiple of 410?
True
Is 68203166 a multiple of 1346?
True
Is 80969269 a multiple of 9?
False
Is 37382912 a multiple of 32?
True
Does 21 divide 132058615?
False
Does 4 divide 1061731690?
False
Does 15 divide 4533591435?
True
Is 40 a factor of 1265780250?
False
Is 163 a factor of 100487582?
False
Does 287 divide 3122273?
True
Does 1026 divide 2513632?
False
Does 26 divide 4000071?
False
Does 56 divide 5898898?
False
Is 573967840 a multiple of 8720?
True
Does 141 divide 40497315?
True
Is 290 a factor of 305037080?
True
Does 14 divide 223198438?
False
Is 34695673 a multiple of 172?
False
Is 490038732 a multiple of 1018?
True
Is 22 a factor of 269472002?
False
Is 89 a factor of 17549554?
True
Is 33732144 a multiple of 38?
True
Is 664 a factor of 581357739?
False
Is 71 a factor of 53544907?
False
Is 31 a factor of 21173326?
False
Is 113038747 a multiple of 1449?
False
Does 5 divide 106597725?
True
Is 75979500 a multiple of 2775?
True
Is 1866 a factor of 133215266?
False
Does 23 divide 2636973?
True
Is 423660447 a multiple of 72?
False
Is 8 a factor of 25821392?
True
Does 188 divide 2313385078?
False
Does 9 divide 182796543?
True
Does 334 divide 357934440?
True
Is 5431298 a multiple of 6?
False
Does 914 divide 25361672?
True
Is 7 a factor of 960246?
True
Is 69137313 a multiple of 11?
False
Does 39 divide 28300511?
False
Does 70 divide 407277?
False
Is 14523090 a multiple of 11?
False
Is 3 a factor of 289364795?
False
Is 86 a factor of 334407990?
True
Is 23 a factor of 45975735?
True
Is 44703208 a multiple of 292?
False
Does 809 divide 8653184?
False
Is 975709421 a multiple of 11?
False
Is 78678713 a multiple of 57?
False
Is 375070465 a multiple of 77?
True
Does 48 divide 19298443?
False
Does 27 divide 152726607?
True
Is 30 a factor of 6303427500?
True
Is 28050190 a multiple of 430?
True
Is 3777 a factor of 135129279?
False
Is 28 a factor of 54558707?
False
Does 13 divide 22572324?
False
Is 242 a factor of 261972507?
False
Is 801 a factor of 1272367492?
False
Is 8 a factor of 62407612?
False
Does 12 divide 2052837285?
False
Is 4518243 a multiple of 484?
False
Is 116287078 a multiple of 84?
False
Is 35 a factor of 106374030?
True
Is 26463080 a multiple of 406?
True
Is 39 a factor of 136104423?
True
Is 4727583 a multiple of 21?
True
Does 2 divide 13386826?
True
Is 12 a factor of 1300085142?
False
Is 311379880 a multiple of 40?
True
Is 4705672 a multiple of 8?
True
Does 1224 divide 1596651773?
False
Is 1792358248 a multiple of 248?
True
Does 48 divide 12724176?
True
Does 31 divide 641664438?
False
Does 6 divide 4294453?
False
Is 81826670 a multiple of 861?
False
Is 180 a factor of 782736120?
True
Is 20 a factor of 208481360?
True
Is 14 a factor of 18596128?
False
Does 46 divide 811936274?
False
Does 2798 divide 2428356220?
True
Does 5893 divide 495672016?
True
Does 58 divide 783039034?
True
Is 844 a factor of 95101076?
True
Is 165056986 a multiple of 4?
False
Does 20 divide 708145200?
True
Is 32914071 a multiple of 3?
True
Does 180 divide 10502836?
False
Is 1429 a factor of 120820970?
False
Is 31 a factor of 1533237223?
False
Does 11 divide 460495172?
False
Is 49807381 a multiple of 1019?
False
Is 38 a factor of 22372766?
True
Does 6 divide 237653272?
False
Is 705403614 a multiple of 19?
True
Does 26 divide 658007246?
True
Is 8 a factor of 3599805?
False
Is 10 a factor of 1892439091?
False
Is 1147070638 a multiple of 13?
False
Is 270117338 a multiple of 56?
False
Does 28 divide 3389890?
False
Is 2147 a factor of 8952514?
False
Is 44 a factor of 84553304?
True
Is 148313922 a multiple of 22?
False
Is 10 a factor of 470602340?
True
Does 1809 divide 13583699?
False
Is 599 a factor of 864136568?
True
Is 2981636 a multiple of 41?
False
Is 1007155727 a multiple of 639?
False
Is 81 a factor of 159010033?
False
Is 799821721 a multiple of 7248?
False
Do